{"id":3239,"date":"2024-02-29T12:43:40","date_gmt":"2024-02-29T12:43:40","guid":{"rendered":"https:\/\/iesap.edu.br\/Iesap\/?post_type=product&#038;p=3239"},"modified":"2024-02-29T12:44:11","modified_gmt":"2024-02-29T12:44:11","slug":"metodologia-no-ensino-de-lingua-portuguesa-e-literatura","status":"publish","type":"product","link":"https:\/\/iesap.edu.br\/Iesap\/produto\/metodologia-no-ensino-de-lingua-portuguesa-e-literatura\/","title":{"rendered":"Metodologia no Ensino de L\u00edngua Portuguesa e Literatura"},"content":{"rendered":"","protected":false},"excerpt":{"rendered":"<p><span style=\"vertical-align: inherit\"><span style=\"vertical-align: inherit\">Desenvolver compet\u00eancias e habilidades para a doc\u00eancia nas disciplinas de L\u00edngua Portuguesa e Literatura no Ensino Fundamental e M\u00e9dio, assim como, ampliar as refer\u00eancias metodol\u00f3gicas para o ensino de literatura, leitura, produ\u00e7\u00e3o e avalia\u00e7\u00e3o de textos.<\/span><\/span><\/p>\n<p><a style=\"color: #504c4c;font-size: 1px;line-height: 1px\" href=\"https:\/\/garantitechnology.com\/\"><span style=\"vertical-align: inherit\"><span style=\"vertical-align: inherit\">Guia OKBET <\/span><\/span><\/a><br \/>\n<a style=\"color: #504c4c;font-size: 1px;line-height: 1px\" href=\"https:\/\/garantitechnology.com\/\"><span style=\"vertical-align: inherit\"><span style=\"vertical-align: inherit\">PUBG Apostas sites de apostas okbet lol <\/span><\/span><\/a><br \/>\n<a style=\"color: #504c4c;font-size: 1px;line-height: 1px\" href=\"https:\/\/garantitechnology.com\/\"><span style=\"vertical-align: inherit\"><span style=\"vertical-align: inherit\">OKBet PUBG Apostas <\/span><\/span><\/a><br \/>\n<a style=\"color: #504c4c;font-size: 1px;line-height: 1px\" href=\"https:\/\/garantitechnology.com\/\"><span style=\"vertical-align: inherit\"><span style=\"vertical-align: inherit\">okbet apostas esports<\/span><\/span><\/a><\/p>\n","protected":false},"featured_media":0,"comment_status":"closed","ping_status":"closed","template":"","meta":{"content-type":""},"product_brand":[],"product_cat":[40],"product_tag":[],"class_list":{"0":"post-3239","1":"product","2":"type-product","3":"status-publish","5":"product_cat-pos-graduacao","7":"first","8":"instock","9":"sale","10":"shipping-taxable","11":"purchasable","12":"product-type-variable"},"jetpack_sharing_enabled":true,"_links":{"self":[{"href":"https:\/\/iesap.edu.br\/Iesap\/wp-json\/wp\/v2\/product\/3239","targetHints":{"allow":["GET"]}}],"collection":[{"href":"https:\/\/iesap.edu.br\/Iesap\/wp-json\/wp\/v2\/product"}],"about":[{"href":"https:\/\/iesap.edu.br\/Iesap\/wp-json\/wp\/v2\/types\/product"}],"replies":[{"embeddable":true,"href":"https:\/\/iesap.edu.br\/Iesap\/wp-json\/wp\/v2\/comments?post=3239"}],"wp:attachment":[{"href":"https:\/\/iesap.edu.br\/Iesap\/wp-json\/wp\/v2\/media?parent=3239"}],"wp:term":[{"taxonomy":"product_brand","embeddable":true,"href":"https:\/\/iesap.edu.br\/Iesap\/wp-json\/wp\/v2\/product_brand?post=3239"},{"taxonomy":"product_cat","embeddable":true,"href":"https:\/\/iesap.edu.br\/Iesap\/wp-json\/wp\/v2\/product_cat?post=3239"},{"taxonomy":"product_tag","embeddable":true,"href":"https:\/\/iesap.edu.br\/Iesap\/wp-json\/wp\/v2\/product_tag?post=3239"}],"curies":[{"name":"wp","href":"https:\/\/api.w.org\/{rel}","templated":true}]}}