{"id":3209,"date":"2024-02-29T12:43:18","date_gmt":"2024-02-29T12:43:18","guid":{"rendered":"https:\/\/iesap.edu.br\/Iesap\/?post_type=product&#038;p=3209"},"modified":"2024-02-29T12:43:39","modified_gmt":"2024-02-29T12:43:39","slug":"gestao-comercial-digital","status":"publish","type":"product","link":"https:\/\/iesap.edu.br\/Iesap\/produto\/gestao-comercial-digital\/","title":{"rendered":"Gest\u00e3o Comercial (Digital)"},"content":{"rendered":"","protected":false},"excerpt":{"rendered":"<p>Nosso objetivo ser\u00e1 formar profissionais para atuar nas \u00e1reas de gest\u00e3o e planejamento de vendas de produtos e\/ou servi\u00e7os em micro, pequenas, m\u00e9dias e grandes empresas, gerenciando a equipe comercial e definindo e implementando de estrat\u00e9gias. O profissional ir\u00e1 desenvolver sua vis\u00e3o estrat\u00e9gica, construindo solu\u00e7\u00f5es, gerenciando relacionamentos e criando vantagens competitivas com base no comportamento das \u00e1reas relacionadas ao comercial e como elas afetam o desempenho da organiza\u00e7\u00e3o.<\/p>\n","protected":false},"featured_media":3237,"comment_status":"closed","ping_status":"closed","template":"","meta":{"content-type":""},"product_brand":[],"product_cat":[39],"product_tag":[],"class_list":{"0":"post-3209","1":"product","2":"type-product","3":"status-publish","4":"has-post-thumbnail","6":"product_cat-graduacao","8":"first","9":"instock","10":"sale","11":"sold-individually","12":"shipping-taxable","13":"purchasable","14":"product-type-variable"},"jetpack_sharing_enabled":true,"_links":{"self":[{"href":"https:\/\/iesap.edu.br\/Iesap\/wp-json\/wp\/v2\/product\/3209","targetHints":{"allow":["GET"]}}],"collection":[{"href":"https:\/\/iesap.edu.br\/Iesap\/wp-json\/wp\/v2\/product"}],"about":[{"href":"https:\/\/iesap.edu.br\/Iesap\/wp-json\/wp\/v2\/types\/product"}],"replies":[{"embeddable":true,"href":"https:\/\/iesap.edu.br\/Iesap\/wp-json\/wp\/v2\/comments?post=3209"}],"wp:featuredmedia":[{"embeddable":true,"href":"https:\/\/iesap.edu.br\/Iesap\/wp-json\/wp\/v2\/media\/3237"}],"wp:attachment":[{"href":"https:\/\/iesap.edu.br\/Iesap\/wp-json\/wp\/v2\/media?parent=3209"}],"wp:term":[{"taxonomy":"product_brand","embeddable":true,"href":"https:\/\/iesap.edu.br\/Iesap\/wp-json\/wp\/v2\/product_brand?post=3209"},{"taxonomy":"product_cat","embeddable":true,"href":"https:\/\/iesap.edu.br\/Iesap\/wp-json\/wp\/v2\/product_cat?post=3209"},{"taxonomy":"product_tag","embeddable":true,"href":"https:\/\/iesap.edu.br\/Iesap\/wp-json\/wp\/v2\/product_tag?post=3209"}],"curies":[{"name":"wp","href":"https:\/\/api.w.org\/{rel}","templated":true}]}}