{"id":3107,"date":"2024-02-29T12:42:22","date_gmt":"2024-02-29T12:42:22","guid":{"rendered":"https:\/\/iesap.edu.br\/Iesap\/?post_type=product&#038;p=3107"},"modified":"2024-02-29T12:42:28","modified_gmt":"2024-02-29T12:42:28","slug":"psicopedagogia","status":"publish","type":"product","link":"https:\/\/iesap.edu.br\/Iesap\/produto\/psicopedagogia\/","title":{"rendered":"Psicopedagogia"},"content":{"rendered":"","protected":false},"excerpt":{"rendered":"<p>Voc\u00ea aprender\u00e1 como desenvolver, implantar e gerenciar projetos, no \u00e2mbito da Seguran\u00e7a e Sa\u00fade do Trabalhador. Com destaque, no exerc\u00edcio de atividades com a parceria da maior solu\u00e7\u00e3o de laborat\u00f3rios virtuais do mundo, a ALGETEC, voc\u00ea ter\u00e1 v\u00e1rias pr\u00e1ticas ligadas \u00e0 sa\u00fade, engenharia e tecnologia, como enfermagem, hidr\u00e1ulica, topografia, seguran\u00e7a do trabalho e internet das coisas.<\/p>\n","protected":false},"featured_media":3032,"comment_status":"closed","ping_status":"closed","template":"","meta":{"content-type":""},"product_brand":[],"product_cat":[40],"product_tag":[],"class_list":{"0":"post-3107","1":"product","2":"type-product","3":"status-publish","4":"has-post-thumbnail","6":"product_cat-pos-graduacao","8":"first","9":"instock","10":"sale","11":"sold-individually","12":"shipping-taxable","13":"purchasable","14":"product-type-variable"},"jetpack_sharing_enabled":true,"_links":{"self":[{"href":"https:\/\/iesap.edu.br\/Iesap\/wp-json\/wp\/v2\/product\/3107","targetHints":{"allow":["GET"]}}],"collection":[{"href":"https:\/\/iesap.edu.br\/Iesap\/wp-json\/wp\/v2\/product"}],"about":[{"href":"https:\/\/iesap.edu.br\/Iesap\/wp-json\/wp\/v2\/types\/product"}],"replies":[{"embeddable":true,"href":"https:\/\/iesap.edu.br\/Iesap\/wp-json\/wp\/v2\/comments?post=3107"}],"wp:featuredmedia":[{"embeddable":true,"href":"https:\/\/iesap.edu.br\/Iesap\/wp-json\/wp\/v2\/media\/3032"}],"wp:attachment":[{"href":"https:\/\/iesap.edu.br\/Iesap\/wp-json\/wp\/v2\/media?parent=3107"}],"wp:term":[{"taxonomy":"product_brand","embeddable":true,"href":"https:\/\/iesap.edu.br\/Iesap\/wp-json\/wp\/v2\/product_brand?post=3107"},{"taxonomy":"product_cat","embeddable":true,"href":"https:\/\/iesap.edu.br\/Iesap\/wp-json\/wp\/v2\/product_cat?post=3107"},{"taxonomy":"product_tag","embeddable":true,"href":"https:\/\/iesap.edu.br\/Iesap\/wp-json\/wp\/v2\/product_tag?post=3107"}],"curies":[{"name":"wp","href":"https:\/\/api.w.org\/{rel}","templated":true}]}}