{"id":2980,"date":"2024-02-29T12:39:46","date_gmt":"2024-02-29T12:39:46","guid":{"rendered":"https:\/\/iesap.edu.br\/Iesap\/?post_type=product&#038;p=2980"},"modified":"2024-02-29T12:42:18","modified_gmt":"2024-02-29T12:42:18","slug":"gestao-hospitalar-digital","status":"publish","type":"product","link":"https:\/\/iesap.edu.br\/Iesap\/produto\/gestao-hospitalar-digital\/","title":{"rendered":"Gest\u00e3o Hospitalar (Digital)"},"content":{"rendered":"","protected":false},"excerpt":{"rendered":"<p>O curso de Gest\u00e3o Hospitalar da Celso Lisboa prepara gestores inovadores. O curso contempla os conhecimentos e compet\u00eancias necess\u00e1rias ao gestor para a organiza\u00e7\u00e3o e o gerenciamento de hospitais p\u00fablicos ou privados e de cl\u00ednicas m\u00e9dicas, laborat\u00f3rios de an\u00e1lises cl\u00ednicas, spas e casas de repouso. Com dura\u00e7\u00e3o m\u00ednima de 3 anos o curso aborda conhecimentos na \u00e1rea de empreendedorismo, de gest\u00e3o de processos, de gest\u00e3o de projetos, de gest\u00e3o administrativa, de gest\u00e3o financeira, de gest\u00e3o de pessoas e de gest\u00e3o operacional dos servi\u00e7os de sa\u00fade. Al\u00e9m disso o curso tamb\u00e9m prepara o estudante para a pesquisa e para a inova\u00e7\u00e3o tecnol\u00f3gica em sa\u00fade. O profissional ser\u00e1 capaz de gerir a infraestrutura do espa\u00e7o f\u00edsico, organizar a log\u00edstica dos servi\u00e7os em sa\u00fade, controlar e garantir a qualidade dos insumos, equipamentos e materiais, assim como planejar e monitorar os recursos humanos, sempre inovando para a melhoria cont\u00ednua dos servi\u00e7os.<\/p>\n","protected":false},"featured_media":3016,"comment_status":"closed","ping_status":"closed","template":"","meta":{"content-type":""},"product_brand":[],"product_cat":[39],"product_tag":[],"class_list":{"0":"post-2980","1":"product","2":"type-product","3":"status-publish","4":"has-post-thumbnail","6":"product_cat-graduacao","8":"first","9":"instock","10":"sale","11":"sold-individually","12":"shipping-taxable","13":"purchasable","14":"product-type-variable"},"jetpack_sharing_enabled":true,"_links":{"self":[{"href":"https:\/\/iesap.edu.br\/Iesap\/wp-json\/wp\/v2\/product\/2980","targetHints":{"allow":["GET"]}}],"collection":[{"href":"https:\/\/iesap.edu.br\/Iesap\/wp-json\/wp\/v2\/product"}],"about":[{"href":"https:\/\/iesap.edu.br\/Iesap\/wp-json\/wp\/v2\/types\/product"}],"replies":[{"embeddable":true,"href":"https:\/\/iesap.edu.br\/Iesap\/wp-json\/wp\/v2\/comments?post=2980"}],"wp:featuredmedia":[{"embeddable":true,"href":"https:\/\/iesap.edu.br\/Iesap\/wp-json\/wp\/v2\/media\/3016"}],"wp:attachment":[{"href":"https:\/\/iesap.edu.br\/Iesap\/wp-json\/wp\/v2\/media?parent=2980"}],"wp:term":[{"taxonomy":"product_brand","embeddable":true,"href":"https:\/\/iesap.edu.br\/Iesap\/wp-json\/wp\/v2\/product_brand?post=2980"},{"taxonomy":"product_cat","embeddable":true,"href":"https:\/\/iesap.edu.br\/Iesap\/wp-json\/wp\/v2\/product_cat?post=2980"},{"taxonomy":"product_tag","embeddable":true,"href":"https:\/\/iesap.edu.br\/Iesap\/wp-json\/wp\/v2\/product_tag?post=2980"}],"curies":[{"name":"wp","href":"https:\/\/api.w.org\/{rel}","templated":true}]}}