{"id":405,"date":"2021-02-01T13:00:36","date_gmt":"2021-02-01T13:00:36","guid":{"rendered":"https:\/\/iesap.edu.br\/Iesap\/?page_id=405"},"modified":"2022-05-30T21:46:05","modified_gmt":"2022-05-30T21:46:05","slug":"ouvidoria","status":"publish","type":"page","link":"https:\/\/iesap.edu.br\/Iesap\/ouvidoria\/","title":{"rendered":"Ouvidoria"},"content":{"rendered":"\t\t<div data-elementor-type=\"wp-post\" data-elementor-id=\"405\" class=\"elementor elementor-405\" data-elementor-settings=\"{&quot;ha_cmc_init_switcher&quot;:&quot;no&quot;}\">\n\t\t\t\t\t\t<section class=\"elementor-section elementor-top-section elementor-element elementor-element-c530633 elementor-section-full_width elementor-section-height-default elementor-section-height-default\" data-id=\"c530633\" data-element_type=\"section\" data-settings=\"{&quot;_ha_eqh_enable&quot;:false}\">\n\t\t\t\t\t\t<div class=\"elementor-container elementor-column-gap-default\">\n\t\t\t\t\t<div class=\"elementor-column elementor-col-33 elementor-top-column elementor-element elementor-element-b0bd957\" data-id=\"b0bd957\" data-element_type=\"column\">\n\t\t\t<div class=\"elementor-widget-wrap elementor-element-populated\">\n\t\t\t\t\t\t<div class=\"elementor-element elementor-element-f56b1aa elementor-widget elementor-widget-heading\" data-id=\"f56b1aa\" data-element_type=\"widget\" data-widget_type=\"heading.default\">\n\t\t\t\t<div class=\"elementor-widget-container\">\n\t\t\t\t\t<h2 class=\"elementor-heading-title elementor-size-large\">Ouvidoria<\/h2>\t\t\t\t<\/div>\n\t\t\t\t<\/div>\n\t\t\t\t\t<\/div>\n\t\t<\/div>\n\t\t\t\t<div class=\"elementor-column elementor-col-66 elementor-top-column elementor-element elementor-element-c788f76\" data-id=\"c788f76\" data-element_type=\"column\">\n\t\t\t<div class=\"elementor-widget-wrap\">\n\t\t\t\t\t\t\t<\/div>\n\t\t<\/div>\n\t\t\t\t\t<\/div>\n\t\t<\/section>\n\t\t\t\t<section class=\"elementor-section elementor-top-section elementor-element elementor-element-205a980 elementor-section-full_width elementor-section-height-default elementor-section-height-default\" data-id=\"205a980\" data-element_type=\"section\" data-settings=\"{&quot;_ha_eqh_enable&quot;:false}\">\n\t\t\t\t\t\t<div class=\"elementor-container elementor-column-gap-default\">\n\t\t\t\t\t<div class=\"elementor-column elementor-col-100 elementor-top-column elementor-element elementor-element-2815bf2\" data-id=\"2815bf2\" data-element_type=\"column\">\n\t\t\t<div class=\"elementor-widget-wrap elementor-element-populated\">\n\t\t\t\t\t\t<div class=\"elementor-element elementor-element-c8ce6da elementor-widget elementor-widget-text-editor\" data-id=\"c8ce6da\" data-element_type=\"widget\" data-widget_type=\"text-editor.default\">\n\t\t\t\t<div class=\"elementor-widget-container\">\n\t\t\t\t\t\t\t\t\t<p>A\u00a0Ouvidoria \u00e9 uma unidade do IESAP respons\u00e1vel por receber: reclama\u00e7\u00f5es, den\u00fancias, elogios, consultas e sugest\u00f5es dos acad\u00eamicos, professores e funcion\u00e1rios, quanto aos servi\u00e7os e atendimentos prestados pela Institui\u00e7\u00e3o.<\/p><p>Atrav\u00e9s de sua participa\u00e7\u00e3o e do conhecimento de seus problemas, o IESAP poder\u00e1 aprimorar o padr\u00e3o de seus servi\u00e7os no atendimento \u00e0 comunidade acad\u00eamica e \u00e0 sociedade em geral.<\/p>\t\t\t\t\t\t\t\t<\/div>\n\t\t\t\t<\/div>\n\t\t\t\t<div class=\"elementor-element elementor-element-c4fa5cc elementor-widget elementor-widget-text-editor\" data-id=\"c4fa5cc\" data-element_type=\"widget\" data-widget_type=\"text-editor.default\">\n\t\t\t\t<div class=\"elementor-widget-container\">\n\t\t\t\t\t\t\t\t\t<p>iesap@iesap.edu.br<\/p>\t\t\t\t\t\t\t\t<\/div>\n\t\t\t\t<\/div>\n\t\t\t\t\t<\/div>\n\t\t<\/div>\n\t\t\t\t\t<\/div>\n\t\t<\/section>\n\t\t\t\t<\/div>\n\t\t","protected":false},"excerpt":{"rendered":"<p>Ouvidoria A\u00a0Ouvidoria \u00e9 uma unidade do IESAP respons\u00e1vel por receber: reclama\u00e7\u00f5es, den\u00fancias, elogios, consultas e sugest\u00f5es dos acad\u00eamicos, professores e funcion\u00e1rios, quanto aos servi\u00e7os e atendimentos prestados pela Institui\u00e7\u00e3o. Atrav\u00e9s de sua participa\u00e7\u00e3o e do conhecimento de seus problemas, o IESAP poder\u00e1 aprimorar o padr\u00e3o de seus servi\u00e7os no atendimento \u00e0 comunidade acad\u00eamica e \u00e0 [&hellip;]<\/p>\n","protected":false},"author":1,"featured_media":0,"parent":0,"menu_order":0,"comment_status":"closed","ping_status":"closed","template":"","meta":{"content-type":"","footnotes":""},"class_list":["post-405","page","type-page","status-publish","hentry"],"jetpack_sharing_enabled":true,"_links":{"self":[{"href":"https:\/\/iesap.edu.br\/Iesap\/wp-json\/wp\/v2\/pages\/405","targetHints":{"allow":["GET"]}}],"collection":[{"href":"https:\/\/iesap.edu.br\/Iesap\/wp-json\/wp\/v2\/pages"}],"about":[{"href":"https:\/\/iesap.edu.br\/Iesap\/wp-json\/wp\/v2\/types\/page"}],"author":[{"embeddable":true,"href":"https:\/\/iesap.edu.br\/Iesap\/wp-json\/wp\/v2\/users\/1"}],"replies":[{"embeddable":true,"href":"https:\/\/iesap.edu.br\/Iesap\/wp-json\/wp\/v2\/comments?post=405"}],"version-history":[{"count":10,"href":"https:\/\/iesap.edu.br\/Iesap\/wp-json\/wp\/v2\/pages\/405\/revisions"}],"predecessor-version":[{"id":1376,"href":"https:\/\/iesap.edu.br\/Iesap\/wp-json\/wp\/v2\/pages\/405\/revisions\/1376"}],"wp:attachment":[{"href":"https:\/\/iesap.edu.br\/Iesap\/wp-json\/wp\/v2\/media?parent=405"}],"curies":[{"name":"wp","href":"https:\/\/api.w.org\/{rel}","templated":true}]}}