{"id":3964,"date":"2024-08-09T19:59:20","date_gmt":"2024-08-09T19:59:20","guid":{"rendered":"https:\/\/iesap.edu.br\/Iesap\/?page_id=3964"},"modified":"2024-08-09T20:02:01","modified_gmt":"2024-08-09T20:02:01","slug":"relatorio-integral-autoavaliacao-institucional","status":"publish","type":"page","link":"https:\/\/iesap.edu.br\/Iesap\/relatorio-integral-autoavaliacao-institucional\/","title":{"rendered":"relat\u00f3rio integral autoavalia\u00e7\u00e3o institucional"},"content":{"rendered":"\t\t<div data-elementor-type=\"wp-post\" data-elementor-id=\"3964\" class=\"elementor elementor-3964\" data-elementor-settings=\"{&quot;ha_cmc_init_switcher&quot;:&quot;no&quot;}\">\n\t\t\t\t\t\t<section class=\"elementor-section elementor-top-section elementor-element elementor-element-777e97b elementor-section-boxed elementor-section-height-default elementor-section-height-default\" data-id=\"777e97b\" data-element_type=\"section\" data-settings=\"{&quot;_ha_eqh_enable&quot;:false}\">\n\t\t\t\t\t\t<div class=\"elementor-container elementor-column-gap-default\">\n\t\t\t\t\t<div class=\"elementor-column elementor-col-100 elementor-top-column elementor-element elementor-element-b668c42\" data-id=\"b668c42\" data-element_type=\"column\">\n\t\t\t<div class=\"elementor-widget-wrap elementor-element-populated\">\n\t\t\t\t\t\t<div class=\"elementor-element elementor-element-d6e8402 elementor-widget elementor-widget-ha-pdf-view happy-addon ha-pdf-view\" data-id=\"d6e8402\" data-element_type=\"widget\" data-widget_type=\"ha-pdf-view.default\">\n\t\t\t\t<div class=\"elementor-widget-container\">\n\t\t\t\t\t        <div class=\"pdf_viewer_container\">\n            <div class=\"pdf_viewer_options viewer-d6e8402\" data-pdf-settings=\"{&quot;unique_id&quot;:&quot;viewer-d6e8402&quot;,&quot;pdf_url&quot;:&quot;https:\\\/\\\/iesap.edu.br\\\/Iesap\\\/wp-content\\\/uploads\\\/2024\\\/08\\\/RELATORIO-AUTOAVALIACAO-INSTITUCIONAL-ANO-BASE-2023.pdf&quot;,&quot;file_type&quot;:&quot;upload_file&quot;,&quot;page_number&quot;:&quot;1&quot;,&quot;width&quot;:&quot;100%&quot;,&quot;height&quot;:&quot;600px&quot;}\">\n\t\t\t\t<span class=\"ha-title-flex\">\n\t\t\t\t\t<span class=\"pdf-icon\">\n\t\t\t\t\t\t\t\t\t\t\t<\/span>\n\t\t\t\t\t<h2 class=\"ha-pdf-title\">RELAT\u00d3RIO INTEGRAL AUTOAVALIA\u00c7\u00c3O INSTITUCIONAL ANO REFER\u00caNCIA: 2023<\/h2>\t\t\t\t<\/span>\n\t\t\t\t                <div class=\"pdf-button\">\n                                <\/div>\n            <\/div>\n\n\t\t\t<div>\n\t\t\t\t<div id=\"viewer-d6e8402\"><\/div>\n\t\t\t<\/div>\n\n        <\/div>\n        \t\t\t\t<\/div>\n\t\t\t\t<\/div>\n\t\t\t\t\t<\/div>\n\t\t<\/div>\n\t\t\t\t\t<\/div>\n\t\t<\/section>\n\t\t\t\t<\/div>\n\t\t","protected":false},"excerpt":{"rendered":"<p>RELAT\u00d3RIO INTEGRAL AUTOAVALIA\u00c7\u00c3O INSTITUCIONAL ANO REFER\u00caNCIA: 2023<\/p>\n","protected":false},"author":1,"featured_media":0,"parent":0,"menu_order":0,"comment_status":"closed","ping_status":"closed","template":"","meta":{"content-type":"","footnotes":""},"class_list":["post-3964","page","type-page","status-publish","hentry"],"jetpack_sharing_enabled":true,"_links":{"self":[{"href":"https:\/\/iesap.edu.br\/Iesap\/wp-json\/wp\/v2\/pages\/3964","targetHints":{"allow":["GET"]}}],"collection":[{"href":"https:\/\/iesap.edu.br\/Iesap\/wp-json\/wp\/v2\/pages"}],"about":[{"href":"https:\/\/iesap.edu.br\/Iesap\/wp-json\/wp\/v2\/types\/page"}],"author":[{"embeddable":true,"href":"https:\/\/iesap.edu.br\/Iesap\/wp-json\/wp\/v2\/users\/1"}],"replies":[{"embeddable":true,"href":"https:\/\/iesap.edu.br\/Iesap\/wp-json\/wp\/v2\/comments?post=3964"}],"version-history":[{"count":3,"href":"https:\/\/iesap.edu.br\/Iesap\/wp-json\/wp\/v2\/pages\/3964\/revisions"}],"predecessor-version":[{"id":3969,"href":"https:\/\/iesap.edu.br\/Iesap\/wp-json\/wp\/v2\/pages\/3964\/revisions\/3969"}],"wp:attachment":[{"href":"https:\/\/iesap.edu.br\/Iesap\/wp-json\/wp\/v2\/media?parent=3964"}],"curies":[{"name":"wp","href":"https:\/\/api.w.org\/{rel}","templated":true}]}}